0 and 300?
50
Calculate the highest common divisor of 27 and 6.
3
What is the highest common divisor of 26 and 273?
13
Calculate the greatest common divisor of 4338 and 36.
18
Calculate the highest common factor of 66290 and 70.
70
What is the highest common factor of 252 and 438?
6
What is the greatest common factor of 75 and 645?
15
What is the highest common factor of 28 and 56?
28
Calculate the greatest common divisor of 108 and 32.
4
Calculate the highest common factor of 119 and 136.
17
Calculate the highest common divisor of 430 and 989.
43
Calculate the highest common factor of 1232 and 231.
77
Calculate the highest common divisor of 255 and 14195.
85
What is the greatest common factor of 871 and 13?
13
Calculate the highest common factor of 2875 and 250.
125
Calculate the highest common divisor of 175 and 160.
5
Calculate the highest common divisor of 16 and 176.
16
Calculate the greatest common divisor of 4576 and 143.
143
What is the greatest common divisor of 7 and 38976?
7
Calculate the greatest common factor of 26250 and 150.
150
What is the highest common factor of 2304 and 36?
36
Calculate the highest common divisor of 780 and 182.
26
Calculate the highest common divisor of 126 and 9441.
9
Calculate the greatest common factor of 60 and 1590.
30
Calculate the greatest common factor of 1179 and 9.
9
What is the highest common factor of 329 and 21?
7
Calculate the highest common factor of 225 and 99.
9
Calculate the greatest common divisor of 1350 and 330.
30
Calculate the greatest common factor of 14 and 112.
14
Calculate the greatest common factor of 265 and 5.
5
What is the greatest common factor of 112 and 30?
2
What is the highest common factor of 253 and 1529?
11
Calculate the greatest common factor of 217 and 496.
31
What is the highest common divisor of 10 and 466?
2
Calculate the highest common divisor of 20155 and 278.
139
What is the greatest common divisor of 38 and 4?
2
Calculate the greatest common divisor of 17 and 85.
17
Calculate the highest common factor of 477 and 72.
9
Calculate the highest common divisor of 87 and 3.
3
What is the highest common factor of 432 and 81?
27
Calculate the greatest common factor of 38 and 494.
38
What is the highest common factor of 45 and 495?
45
What is the greatest common factor of 15 and 6485?
5
Calculate the greatest common divisor of 2546 and 38.
38
What is the greatest common factor of 6 and 15?
3
What is the greatest common divisor of 192 and 456?
24
What is the highest common divisor of 6 and 23658?
6
What is the greatest common factor of 844 and 211?
211
What is the highest common divisor of 225 and 72?
9
What is the highest common factor of 306 and 34?
34
What is the greatest common factor of 31 and 23?
1
Calculate the highest common factor of 1672 and 11.
11
Calculate the greatest common divisor of 8000 and 375.
125
What is the greatest common factor of 372 and 18?
6
Calculate the highest common factor of 6 and 24.
6
Calculate the highest common divisor of 533 and 861.
41
What is the greatest common divisor of 94 and 329?
47
Calculate the highest common divisor of 690 and 10810.
230
What is the highest common factor of 114 and 6?
6
Calculate the greatest common divisor of 52 and 364.
52
What is the greatest common divisor of 92 and 2484?
92
Calculate the highest common factor of 20 and 655.
5
Calculate the highest common divisor of 600 and 168.
24
What is the highest common divisor of 3 and 15?
3
What is the highest common factor of 1023 and 77?
11
What is the highest common factor of 14909 and 34?
17
What is the greatest common divisor of 63 and 12621?
21
What is the greatest common divisor of 78 and 208?
26
What is the highest common factor of 6 and 99?
3
What is the highest common factor of 805 and 7889?
161
Calculate the highest common divisor of 72 and 8.
8
What is the highest common factor of 126 and 70?
14
Calculate the greatest common divisor of 644 and 667.
23
What is the highest common divisor of 66 and 30?
6
Calculate the highest common factor of 950 and 57.
19
What is the highest common divisor of 38 and 9899?
19
Calculate the highest common divisor of 122 and 183.
61
What is the greatest common divisor of 62 and 6?
2
What is the greatest common divisor of 6 and 1740?
6
What is the greatest common divisor of 96 and 72?
24
What is the greatest common divisor of 22 and 121?
11
What is the highest common factor of 19 and 1007?
19
What is the highest common factor of 12985 and 795?
265
What is the highest common factor of 12 and 704?
4
What is the greatest common divisor of 12815 and 220?
55
Calculate the highest common divisor of 28 and 700.
28
What is the greatest common factor of 489 and 2608?
163
Calculate the highest common factor of 25 and 11.
1
What is the highest common divisor of 1400 and 224?
56
Calculate the highest common divisor of 2109 and 399.
57
What is the highest common divisor of 2006 and 68?
34
What is the greatest common factor of 1632 and 224?
32
Calculate the greatest common factor of 1224 and 17.
17
Calculate the highest common factor of 163 and 7009.
163
What is the greatest common divisor of 1918 and 5206?
274
Calculate the highest common factor of 18 and 738.
18
Calculate the greatest common factor of 45 and 3045.
15
Calculate the highest common divisor of 391 and 23.
23
Calculate the highest common divisor of 32 and 336.
16
What is the highest common factor of 165 and 75?
15
What is the greatest common divisor of 121 and 22?
11
Calculate the highest common factor of 75 and 120.
15
What is the greatest common factor of 522 and 58?
58
Calculate the highest common divisor of 58683 and 93.
93
What is the highest common factor of 15 and 575?
5
What is the greatest common divisor of 888 and 777?
111
Calculate the highest common divisor of 2759 and 89.
89
What is the highest common factor of 7 and 973?
7
What is the greatest common factor of 75 and 35?
5
What is the greatest common divisor of 304 and 494?
38
Calculate the greatest common divisor of 612 and 126.
18
What is the greatest common divisor of 70 and 1127?
7
What is the greatest common factor of 703 and 19?
19
Calculate the greatest common divisor of 10 and 10.
10
What is the highest common factor of 12 and 11?
1
What is the greatest common factor of 15645 and 105?
105
What is the highest common factor of 180 and 144?
36
Calculate the highest common divisor of 35 and 3395.
35
Calculate the highest common divisor of 9 and 1608.
3
Calculate the highest common divisor of 890 and 1157.
89
Calculate the greatest common divisor of 2611 and 21.
7
Calculate the greatest common factor of 6 and 166.
2
Calculate the greatest common factor of 11 and 3795.
11
What is the greatest common divisor of 11928 and 21?
21
What is the greatest common divisor of 174 and 232?
58
Calculate the highest common factor of 4256 and 133.
133
Calculate the highest common factor of 76 and 133.
19
Calculate the greatest common divisor of 21 and 9107.
7
Calculate the greatest common divisor of 1617 and 66.
33
What is the greatest common divisor of 25 and 8?
1
What is the greatest common factor of 62 and 30194?
62
Calculate the greatest common divisor of 675 and 175.
25
Calculate the highest common factor of 703 and 851.
37
What is the highest common factor of 15 and 210?
15
Calculate the highest common divisor of 28020 and 60.
60
Calculate the greatest common factor of 21 and 231.
21
What is the highest common divisor of 3216 and 864?
48
What is the greatest common divisor of 1017 and 9?
9
What is the greatest common factor of 73 and 1168?
73
What is the highest common factor of 3070 and 10?
10
What is the highest common divisor of 10 and 43?
1
What is the greatest common factor of 12 and 2094?
6
What is the highest common factor of 25080 and 120?
120
Calculate the highest common factor of 26 and 325.
13
What is the highest common factor of 104 and 64168?
104
What is the highest common factor of 507 and 104?
13
Calculate the greatest common divisor of 1464 and 24.
24
What is the highest common divisor of 84 and 324?
12
What is the highest common divisor of 187 and 11?
11
Calculate the greatest common factor of 19 and 437.
19
Calculate the highest common factor of 104 and 32.
8
Calculate the greatest common diviso